(d) = d + 3. Let v be o(4). Let i = v - h. List the prime factors of i.
2
Suppose 15 = -3*a + 8*a. List the prime factors of (2 - a)*35*-1.
5, 7
Suppose -5*b = -8 - 7. Suppose -2*a + 0*a - q + b = 0, 7 = 3*a - q. Suppose 3*p - 27 = a*n, 2*p + 70 = 7*p + 5*n. List the prime factors of p.
11
Let b(r) = 40*r**3 - 1. Let z be b(1). Let f = -22 + z. What are the prime factors of f?
17
Suppose -565 = -5*m - 0*m. List the prime factors of m.
113
Let g(z) = z - 10. Let o be g(0). Let a = o + 21. What are the prime factors of a?
11
Suppose 5*q = 5*s - 5, 2*s = -s. Let r(l) = 11*l**2 - 1. List the prime factors of r(q).
2, 5
Let z(o) = o**2 - 4*o - 3. Let r(m) = -m - 1. Let k(l) = 4*r(l) - z(l). Let b be k(1). List the prime factors of b/7 - (-172)/14.
2, 3
Let j be (-11)/(-2) - (-1)/(-2). Let a(m) be the second derivative of m**4/6 - 7*m**3/6 - 21*m + 2. What are the prime factors of a(j)?
3, 5
Suppose 6 = 2*m - u - 183, -204 = -2*m - 2*u. List the prime factors of m.
97
Let z = 5 - 9. Suppose f + 2 = -3. What are the prime factors of ((-8)/f)/(z/(-10))?
2
Let a be (-2)/(-2) + 38/1. Suppose 2*x + 3 = a. What are the prime factors of x?
2, 3
Suppose -5 = -2*l - h, -5*l + 17 = h - 0*h. Let x(d) = -2 - l + 6*d + 0*d + 0. What are the prime factors of x(4)?
2, 3
Let m(u) = -u**3 - 9*u**2 - 8*u. Let y be m(-8). Suppose n - 6 - 6 = y. Let s = n + -6. What are the prime factors of s?
2, 3
Let o(d) = -d**2 - 12*d. Let i be o(-12). List the prime factors of (0 - (i + -9))/1.
3
Let c = 4 - 5. What are the prime factors of c/(-4) - (-19)/4?
5
Suppose -17 = j - 1. What are the prime factors of j/(2*3/(-6))?
2
Suppose 4*i = -6 - 34. What are the prime factors of (-2)/(-5) + (-26)/i?
3
Let v be (-1)/(-4) + 676/(-16). What are the prime factors of (12/(-14))/(2/v)?
2, 3
What are the prime factors of (-2193)/(-9) + -3*3/(-27)?
2, 61
Suppose -18 = 5*l - 3*b, -4*l + b = -4 + 24. Let k = -4 - l. Suppose 2 - 10 = -k*f. What are the prime factors of f?
2
Let j be (-2)/(-2*4/12). Suppose -r + j*r = 20. List the prime factors of r.
2, 5
Suppose -4*l = 4*g - 9*g - 21, 5*l - g - 21 = 0. What are the prime factors of (6/(-2))/(l/(-4))?
3
Suppose 0 = -4*h + 7 - 19. Suppose 0*q - 14 = -2*q. Let d = q - h. List the prime factors of d.
2, 5
Let i(p) = 38*p + 42. List the prime factors of i(5).
2, 29
List the prime factors of (-2)/(((-10)/84)/5).
2, 3, 7
Suppose 48 = -0*w + 4*w. Let c = w - 28. List the prime factors of ((-12)/c)/((-2)/(-16)).
2, 3
Suppose -d - x + 12 = 0, 0*d - 2*d - 3*x + 29 = 0. What are the prime factors of d?
7
Let q = -1 - -5. Suppose 4*p + p = 4*v + 4, 4*v + 5*p = -q. List the prime factors of ((-10)/(-8))/(v/(-4)).
5
Let c(r) = r**2 - r + 6. Let l be c(0). Let n be (-10)/((15/l)/5). Let y = -9 - n. List the prime factors of y.
11
Let z(t) = -3*t - 3. Let n be z(-2). Suppose 0 = -5*r + 15, -n*b - 2*b + r + 17 = 0. What are the prime factors of b?
2
Suppose -c + 4*c = z - 10, -5*c + 42 = 2*z. Suppose -y = 3*y + z. List the prime factors of (2/y)/((-1)/14).
7
Suppose i + 12 = 5*i. Suppose i*j + 9 = -0*j. List the prime factors of (-16)/j*12/4.
2
Let g(q) = 3*q - 5*q + 17*q. Let h be g(3). Suppose 2*m = -m - 5*o + h, 0 = -3*m - 4*o + 42. List the prime factors of m.
2, 5
Suppose 0 = -u + 3*u. Suppose 3*a + u*a - 12 = -5*v, 6 = v - 3*a. Suppose 24 = -m + v*m. What are the prime factors of m?
2, 3
Let k(o) = o**2 - 10*o - 6. Let z be k(11). Suppose -z*s + 0*s + 50 = 0. What are the prime factors of s?
2, 5
Suppose 0 = -4*h - 0*h - 4*m, 2*h - 2*m = 0. Suppose -2*n = 3*n - 30. Let r = n - h. List the prime factors of r.
2, 3
Suppose -u + 0 = -3, 0 = -3*v - 4*u + 57. What are the prime factors of v?
3, 5
Suppose -3*b - 3*i = -318, -3*i + 213 = 2*b - 2*i. What are the prime factors of b?
107
Suppose 10*h - 2310 = -470. List the prime factors of h.
2, 23
Let c = 1 + -3. Let r = -8 - c. Let q(u) = -u**2 - 9*u - 1. List the prime factors of q(r).
17
Let r(z) = 21*z**2 - z + 1. List the prime factors of r(-2).
3, 29
Suppose 4 = 2*f - 4*f - 2*j, 0 = f + 4*j + 5. Let k be f/(2/(-7 + 1)). Suppose -9 - 23 = -2*m - 4*x, 0 = -4*m + k*x + 9. List the prime factors of m.
2, 3
Let w be (-2)/5 - (-44)/10. Suppose 11 + w = a. List the prime factors of a.
3, 5
Let q(t) be the third derivative of -t**6/120 - 7*t**5/60 - 5*t**4/24 + 4*t**3/3 - t**2. What are the prime factors of q(-6)?
2
Let z(y) = -5*y + 25. List the prime factors of z(-8).
5, 13
Let s(d) be the second derivative of -d**5/5 - d**4/3 - d**3/3 + d. List the prime factors of s(-2).
2, 5
Let i(h) = 11*h - 14. List the prime factors of i(5).
41
Let c(d) = d**3 - 4*d**2 - 3*d - 7. Let a be c(5). Suppose -5*t = 2*r - a, 4*r + 4*t = t - 1. What are the prime factors of -2 + (5 + 0 - r)?
2
Suppose 4*s = -12, -3*u + 2*s - 4*s = 0. Suppose -5*w - b + u*b + 114 = 0, -60 = -2*w + 4*b. List the prime factors of w.
2, 11
Let b be (12/5)/((-9)/30). What are the prime factors of (-66)/b - (-3)/(-12)?
2
Suppose -5*l - 3 = -18. Let x(t) = 8*t - 1. List the prime factors of x(l).
23
Let a = 28 + -19. Let j(c) = -a*c - c**3 - 4 + 4*c**2 - 7*c**2 - 6*c**2. What are the prime factors of j(-8)?
2
What are the prime factors of 9*(935/60 - (-3)/(-12))?
2, 3, 23
Let u(o) = -o**2 - 3*o - 3. Let b be u(-3). Let m be (-13 - b)*2/1. Let h = -11 - m. List the prime factors of h.
3
Let j be 3 + (-2)/(3 - 2). Let t = j + 5. What are the prime factors of t?
2, 3
Let l(w) = -w**3 + 8*w**2 - 4*w - 8. Let t = 9 + 8. Let s = -10 + t. What are the prime factors of l(s)?
13
Suppose 0 = -3*a + 4*a - 70. List the prime factors of a.
2, 5, 7
What are the prime factors of (197 - 11) + (-2)/2?
5, 37
Suppose 5*w - 135 = -5*u, 0*u = -w + 3*u + 31. List the prime factors of w.
2, 7
List the prime factors of (2 + (-32)/10)/((-2)/145).
3, 29
Suppose -4*k = 4, 248 = 5*q + 4*k - 2*k. List the prime factors of q.
2, 5
Let w = -367 - -760. What are the prime factors of w?
3, 131
Let k(y) = 10*y - 26. List the prime factors of k(14).
2, 3, 19
Let o = -186 - -281. What are the prime factors of o?
5, 19
Suppose 3*m = -4*j + 63, 4*j - m - 65 = -6*m. List the prime factors of j.
3, 5
Suppose -848 = -4*r - d, 4*r - 998 = d - 158. List the prime factors of r.
211
Suppose -4*i + 310 = -2*f, 5*i + 4*f = 2*f + 383. List the prime factors of i.
7, 11
Let a = 181 + -87. List the prime factors of a.
2, 47
Let d(h) = -h**3 - 2*h**2 - 4*h - 3. Let f be d(-2). Suppose 2*t - 6 = f*t. Let y = 3 - t. What are the prime factors of y?
5
Let v(i) = -i + 14. Let x = 6 - -3. List the prime factors of v(x).
5
Let w(k) = -2*k**2 - 7*k - 6. Let p be w(-5). Suppose -5*u - 4*l = 47, 0 = -u - u - 2*l - 18. Let i = u - p. List the prime factors of i.
2, 5
Let l be (0 - -2)/((-4)/(-18)). Let g = 4 + l. What are the prime factors of g?
13
What are the prime factors of ((-276)/9 - 2)*45/(-10)?
3, 7
Suppose -m - 4*n = -61, 2*m - 271 = -3*m - 3*n. What are the prime factors of m?
53
Let x(h) be the first derivative of 1/2*h**2 - 2/3*h**3 + 0*h + 4*h**4 + 2. List the prime factors of x(1).
3, 5
Let d(a) be the second derivative of -a**3/6 + 12*a**2 + a. Let o be (108/(-117))/(-6) - 4/26. List the prime factors of d(o).
2, 3
Let s be (-706)/(-10) + 24/(-40). Suppose 4*c = a + s, -3*c + 37 + 27 = 5*a. What are the prime factors of c?
2, 3
List the prime factors of 12693/51 + (-5 - (-435)/85).
3, 83
Suppose 0 = l - 3, -3*m + 21 = l + 6. Suppose -5*n + m = -26. What are the prime factors of n?
2, 3
Suppose -2*j + 1 = 5*q, -2*j + 4*q + 11 = -q. Let g = 6 - j. Suppose 2*i - 19 - g = 0. What are the prime factors of i?
11
Let p be -1 - -3 - (2 - 2). Suppose -4*c = 5*b - 58, -3*b + 4*c = -26 + 4. Let o = p + b. What are the prime factors of o?
2, 3
Let l be 6/21 - (-164)/14. Suppose 13 = 5*h - l. List the prime factors of h.
5
Let t(q) = -q**3 + q**2 + 32. Let m be t(0). Suppose -x = -0*x - m. List the prime factors of x.
2
Let i be (7 - 4)*(1 - 0). Suppose -3*c + 18 = -3*h, 0*h = 4*c + i*h - 38. What are the prime factors of c?
2
Suppose -340 = -4*j + 3*i, 0 = j - 2*j - i + 85. What are the prime factors of j?
5, 17
Let l = -11 - -19. Suppose y - 32 = -l. Suppose -3*f + y = -f. List the prime factors of f.
2, 3
Suppose 0 = 2*m + 3*o - 5, 2*m - 2*o - 42 = -12. Let d be ((-18)/(-15))/((-1)/5). Let t = d + m. Lis